6639946 and 3358?
3358
What is the highest common divisor of 143408 and 5216?
16
Calculate the highest common factor of 164992380 and 2490.
2490
What is the greatest common factor of 9420672 and 384?
384
What is the highest common divisor of 3789380 and 70980?
140
Calculate the highest common factor of 7808292 and 54316.
1468
What is the highest common divisor of 3388 and 58779?
7
What is the highest common factor of 26980070 and 260?
130
What is the greatest common factor of 7185 and 405315?
15
Calculate the highest common divisor of 2281077 and 48263.
289
What is the greatest common divisor of 3908905 and 189215?
4615
Calculate the highest common factor of 462753 and 2958.
87
Calculate the highest common factor of 120744 and 18103.
43
Calculate the highest common factor of 12 and 46105676.
4
Calculate the greatest common factor of 3961 and 226243.
233
What is the highest common factor of 14166 and 82674?
18
What is the highest common factor of 2052 and 69617178?
1026
What is the highest common factor of 132301475 and 1175?
1175
What is the greatest common factor of 10495 and 29656771?
2099
Calculate the highest common factor of 272785978 and 8806.
1258
What is the highest common divisor of 124913 and 4163?
23
Calculate the highest common factor of 918050 and 58050.
2150
Calculate the highest common divisor of 6935962 and 242.
242
What is the greatest common factor of 2964910 and 4160?
130
What is the highest common factor of 236 and 18918704?
236
Calculate the highest common factor of 85558977 and 558.
279
Calculate the greatest common divisor of 51 and 25322571.
51
Calculate the greatest common factor of 4778088 and 78792.
1176
What is the greatest common divisor of 83627291 and 11?
11
What is the greatest common divisor of 10126 and 1388507?
83
What is the greatest common divisor of 86254 and 7322?
14
What is the greatest common divisor of 107952 and 196638?
78
Calculate the highest common divisor of 63 and 2459289.
21
Calculate the greatest common factor of 5430 and 2186250.
30
What is the highest common factor of 4115 and 129788746?
823
What is the highest common divisor of 4489 and 343308?
67
Calculate the highest common divisor of 119759940 and 18.
18
What is the highest common divisor of 544 and 4669808?
16
Calculate the greatest common divisor of 1335 and 860865405.
1335
Calculate the greatest common divisor of 1408 and 8161472.
704
What is the greatest common factor of 109165938 and 546?
42
Calculate the greatest common divisor of 18600227 and 85.
17
What is the highest common divisor of 63688 and 1567898?
838
What is the highest common factor of 5638127 and 16096?
503
What is the greatest common divisor of 285696 and 527?
31
What is the highest common factor of 5 and 134450565?
5
Calculate the highest common factor of 100678 and 1167014.
1418
Calculate the greatest common factor of 13718 and 471466.
722
Calculate the highest common factor of 184639833 and 63.
63
What is the highest common factor of 12827979 and 5967?
153
What is the greatest common divisor of 26338 and 5174?
26
What is the highest common factor of 368567 and 1943?
67
Calculate the greatest common divisor of 6419719 and 2439.
271
What is the greatest common divisor of 139875 and 585?
15
Calculate the highest common divisor of 140 and 12726490.
70
What is the highest common divisor of 15455 and 73939811?
3091
What is the greatest common factor of 710382285 and 135?
135
What is the greatest common divisor of 886200 and 14175?
525
What is the highest common factor of 3315 and 428213?
17
Calculate the highest common factor of 21 and 50250885.
3
Calculate the greatest common divisor of 12824757 and 19778.
319
What is the highest common divisor of 1990800 and 3500?
700
What is the greatest common factor of 114 and 5682938?
38
What is the highest common factor of 161 and 9667222?
23
What is the greatest common factor of 297 and 1040661?
27
What is the highest common divisor of 73863 and 43317?
9
What is the greatest common divisor of 28756 and 22767563?
7189
What is the greatest common divisor of 196 and 1743784?
28
What is the highest common divisor of 143 and 171279394?
143
Calculate the greatest common factor of 6810 and 574941060.
6810
Calculate the greatest common factor of 1571088 and 120321.
1383
What is the greatest common divisor of 18 and 435546?
18
What is the highest common divisor of 2880 and 667215?
45
Calculate the greatest common factor of 1600 and 30991600.
400
Calculate the greatest common divisor of 121079 and 279545.
343
What is the greatest common factor of 525 and 251475225?
75
What is the highest common factor of 14683628 and 1247?
29
Calculate the highest common factor of 360434 and 404362.
34
Calculate the highest common factor of 70 and 159999805.
35
Calculate the greatest common divisor of 35663144 and 22.
22
What is the highest common divisor of 222353519 and 1951?
1951
What is the greatest common divisor of 51765 and 3990?
105
What is the highest common factor of 22358 and 100968?
14
What is the highest common divisor of 85 and 125830685?
85
Calculate the highest common factor of 3787 and 148575.
7
What is the greatest common factor of 3 and 22411892?
1
Calculate the greatest common divisor of 56256518 and 732.
122
Calculate the greatest common factor of 2645320 and 3280.
1640
What is the highest common divisor of 121830 and 10788?
186
Calculate the greatest common factor of 2316 and 11298.
6
What is the greatest common divisor of 1644 and 152391676?
548
Calculate the greatest common factor of 7854 and 2038827.
357
What is the highest common divisor of 3340527 and 243?
3
Calculate the greatest common divisor of 3 and 11517117.
3
Calculate the greatest common factor of 108374 and 45850.
14
Calculate the highest common divisor of 1091833 and 115.
23
Calculate the highest common factor of 129 and 207380013.
129
Calculate the greatest common divisor of 147 and 69101424.
21
Calculate the highest common factor of 37647750 and 710.
710
What is the highest common divisor of 117892000 and 24?
8
What is the highest common divisor of 51 and 17066904?
3
Calculate the greatest common factor of 5197594 and 31726.
1094
What is the highest common divisor of 1750 and 1046206?
14
Calculate the greatest common divisor of 91060 and 31205.
5
Calculate the highest common factor of 36540 and 53070.
870
Calculate the highest common factor of 11 and 56284096.
11
What is the greatest common factor of 4 and 8539924?
4
What is the greatest common factor of 2924 and 469513259?
731
Calculate the greatest common factor of 17 and 481189148.
17
Calculate the highest common divisor of 4761 and 1284642.
207
What is the highest common divisor of 3214 and 35609513?
1607
What is the highest common factor of 189963106 and 618?
206
Calculate the greatest common factor of 286 and 12703834.
286
What is the greatest common divisor of 302 and 23494694?
302
What is the greatest common factor of 23285 and 103?
1
What is the greatest common divisor of 20628 and 316818?
54
Calculate the greatest common divisor of 374701126 and 382.
382
Calculate the highest common factor of 62813 and 595358.
2731
Calculate the highest common divisor of 40871 and 350069.
1777
What is the highest common divisor of 828364 and 8692?
164
Calculate the greatest common divisor of 1505653 and 21965.
191
What is the greatest common factor of 5647345 and 10450?
55
What is the greatest common divisor of 27881295 and 975?
195
What is the greatest common divisor of 18 and 42227478?
18
What is the greatest common divisor of 912332 and 656?
164
What is the highest common factor of 7200 and 16374600?
1800
Calculate the highest common factor of 172360 and 134413.
139
What is the highest common divisor of 746063956 and 76?
76
What is the greatest common divisor of 563307 and 9193389?
5469
Calculate the greatest common factor of 39397666 and 7084.
3542
Calculate the highest common factor of 300 and 116175.
75
Calculate the greatest common factor of 510 and 777390.
30
What is the greatest common divisor of 8292 and 60128056?
2764
What is the highest common divisor of 4731 and 9153687?
57
What is the highest common divisor of 2813 and 511884423?
2813
Calculate the greatest common factor of 558400672 and 20.
4
Calculate the 